46
What is 0 (base 16) in base 13?
0
1 (base 5) to base 4
1
Convert 2 (base 11) to base 10.
2
Convert 39 (base 15) to base 13.
42
Convert 4 (base 9) to base 7.
4
Convert -3 (base 12) to base 10.
-3
What is -507 (base 8) in base 6?
-1303
30 (base 11) to base 8
41
2 (base 11) to base 16
2
What is -2 (base 7) in base 16?
-2
1 (base 5) to base 12
1
56 (base 12) to base 13
51
205 (base 6) to base 8
115
What is 33 (base 8) in base 5?
102
What is 29 (base 10) in base 3?
1002
22112 (base 3) to base 15
105
110 (base 9) to base 14
66
What is 36 (base 11) in base 10?
39
What is cb (base 15) in base 4?
2333
Convert -83 (base 9) to base 13.
-5a
Convert 29 (base 12) to base 16.
21
Convert -31 (base 11) to base 2.
-100010
What is -2 (base 11) in base 4?
-2
-49 (base 12) to base 11
-52
Convert -3 (base 16) to base 15.
-3
-56 (base 7) to base 4
-221
Convert -31 (base 8) to base 4.
-121
What is 15 (base 10) in base 11?
14
-21 (base 3) to base 11
-7
Convert 16 (base 16) to base 7.
31
Convert -1200 (base 4) to base 10.
-96
What is -17 (base 12) in base 6?
-31
-1 (base 6) to base 10
-1
What is 11 (base 2) in base 4?
3
Convert -2120 (base 3) to base 10.
-69
Convert 11 (base 2) to base 7.
3
What is -101 (base 3) in base 7?
-13
32 (base 7) to base 15
18
Convert 17 (base 14) to base 12.
19
Convert -24 (base 12) to base 14.
-20
1 (base 2) to base 10
1
2 (base 12) to base 14
2
What is -205 (base 6) in base 13?
-5c
Convert 665 (base 7) to base 12.
245
6 (base 10) to base 8
6
What is -65 (base 8) in base 16?
-35
Convert 1 (base 5) to base 10.
1
Convert -5 (base 15) to base 3.
-12
What is 39 (base 14) in base 9?
56
12 (base 4) to base 16
6
What is 23 (base 10) in base 8?
27
What is 7 (base 13) in base 7?
10
What is 0 (base 7) in base 10?
0
What is -123 (base 4) in base 7?
-36
23 (base 4) to base 3
102
Convert 10 (base 13) to base 2.
1101
Convert -7 (base 9) to base 2.
-111
Convert d (base 15) to base 2.
1101
Convert -100010 (base 2) to base 6.
-54
What is -76 (base 13) in base 16?
-61
Convert -3 (base 16) to base 8.
-3
-324 (base 5) to base 4
-1121
1010 (base 2) to base 6
14
Convert 3 (base 13) to base 3.
10
-3a (base 12) to base 8
-56
Convert -10 (base 4) to base 7.
-4
What is 13 (base 9) in base 4?
30
-1c (base 15) to base 5
-102
2 (base 15) to base 10
2
Convert 23 (base 10) to base 3.
212
22 (base 3) to base 4
20
2 (base 10) to base 4
2
Convert 22 (base 5) to base 7.
15
1 (base 5) to base 2
1
Convert -8b (base 14) to base 9.
-146
13 (base 13) to base 2
10000
What is -47 (base 8) in base 13?
-30
Convert 21 (base 12) to base 6.
41
-11 (base 3) to base 11
-4
-282 (base 10) to base 12
-1b6
57 (base 10) to base 15
3c
What is 10101 (base 2) in base 4?
111
What is -1a9 (base 12) in base 15?
-133
Convert 4 (base 15) to base 5.
4
-8 (base 10) to base 13
-8
Convert 142 (base 8) to base 15.
68
-1000 (base 2) to base 10
-8
Convert -13 (base 11) to base 8.
-16
What is -20 (base 6) in base 9?
-13
What is 8 (base 10) in base 3?
22
-1101 (base 2) to base 10
-13
What is 4 (base 14) in base 4?
10
Convert -532 (base 6) to base 2.
-11001000
Convert -a5 (base 14) to base 3.
-12101
71 (base 13) to base 3
10102
2 (base 13) to base 2
10
What is -16 (base 13) in base 11?
-18
What is -4 (base 12) in base 14?
-4
What is -4 (base 6) in base 5?
-4
-69 (base 13) to base 9
-106
-1001 (base 2) to base 9
-10
-20 (base 7) to base 3
-112
Convert -16 (base 7) to base 8.
-15
Convert -3 (base 16) to base 3.
-10
What is -3 (base 7) in base 9?
-3
d (base 16) to base 11
12
Convert -2 (base 14) to base 16.
-2
-3 (base 14) to base 2
-11
Convert 22 (base 8) to base 16.
12
27 (base 8) to base 15
18
-651 (base 7) to base 8
-512
Convert 4 (base 5) to base 4.
10
What is -a (base 13) in base 4?
-22
Convert 2 (base 12) to base 2.
10
-10 (base 16) to base 8
-20
111 (base 3) to base 10
13
What is 18 (base 13) in base 11?
1a
What is 148 (base 13) in base 3?
22111
What is -25 (base 6) in base 2?
-10001
Convert -544 (base 6) to base 12.
-154
What is 1 (base 6) in base 11?
1
Convert 3 (base 9) to base 2.
11
1 (base 13) to base 14
1
1104 (base 5) to base 9
181
What is -180 (base 11) in base 14?
-10d
Convert 37 (base 12) to base 2.
101011
Convert 8 (base 12) to base 4.
20
What is 4 (base 13) in base 3?
11
4 (base 5) to base 15
4
Convert 5 (base 14) to base 2.
101
-cc (base 13) to base 15
-b3
2ba (base 12) to base 6
1554
31 (base 15) to base 16
2e
What is -1212 (base 3) in base 10?
-50
Convert -7 (base 9) to base 11.
-7
Convert -31 (base 5) to base 14.
-12
1000 (base 2) to base 14
8
What is -5 (base 15) in base 11?
-5
108 (base 10) to base 2
1101100
-4b (base 14) to base 4
-1003
-1 (base 12) to base 10
-1
What is 1 (base 5) in base 10?
1
Convert -a (base 11) to base 4.
-22
-450 (base 6) to base 12
-126
-2033 (base 4) to base 9
-168
-74 (base 15) to base 3
-11001
What is 26 (base 13) in base 6?
52
34 (base 11) to base 4
211
-312 (base 4) to base 16
-36
-144 (base 15) to base 10
-289
Convert -1110 (base 2) to base 6.
-22
Convert -20 (base 7) to base 15.
-e
Convert -22200 (base 3) to base 11.
-1a3
-26 (base 14) to base 15
-24
-a (base 14) to base 9
-11
Convert -176 (base 11) to base 8.
-314
Convert 32 (base 5) to base 14.
13
Convert -2 (base 8) to base 7.
-2
Convert 100000 (base 2) to base 3.
1012
What is -130 (base 7) in base 6?
-154
Convert -10011 (base 2) to base 6.
-31
What is e (base 15) in base 12?
12
Convert 3 (base 13) to base 2.
11
-110010 (base 2) to base 10
-50
-2 (base 16) to base 14
-2
What is 88 (base 11) in base 8?
140
22 (base 5) to base 14
c
Convert bc (base 15) to base 6.
453
What is 1122 (base 3) in base 2?
101100
-4 (base 16) to base 11
-4
Convert 2 (base 16) to base 12.
2
What is 143 (base 5) in base 10?
48
0 (base 7) to base 13
0
What is -28 (base 12) in base 6?
-52
Convert 113 (base 11) to base 4.
2013
Convert 10 (base 9) to base 3.
100
What is -10000010 (base 2) in base 8?
-202
3 (base 7) to base 3
10
-313 (base 4) to base 5
-210
Convert 3 (base 14) to base 9.
3
What is -1 (base 5) in base 4?
-1
10c (base 13) to base 10
181
11021 (base 3) to base 2
1110011
What is -4 (base 7) in base 14?
-4
Convert 4 (base 14) to base 9.
4
Convert 2 (base 14) to base 7.
2
Convert 181 (base 9) to base 8.
232
What is 30 (base 8) in base 10?
24
e (base 16) to base 7
20
-16 (base 13) to base 14
-15
Convert -7 (base 12) to base 10.
-7
What is -8 (base 14) in base 2?
-1000
4 (base 9) to base 10
4
-11 (base 5) to base 14
-6
What is -3 (base 9) in base 15?
-3
What is -11 (base 4) in base 3?
-12
What is 1032 (base 4) in base 5?
303
Convert 1322 (base 4) to base 8.
172
Convert 21 (base 6) to base 4.
31
Convert 12 (base 5) to base 14.
7
-2 (base 3) to base 10
-2
Convert 10 (base 7) to base 9.
7
-10 (base 10) to base 8
-12
Convert -204 (base 6) to base 15.
-51
What is 7 (base 16) in base 9?
7
-543 (base 6) to base 14
-10b
Convert 24 (base 5) to base 4.
32
Convert 2 (base 7) to base 14.
2
What is 4 (base 16) in base 10?
4
Convert -2 (base 10) to base 15.
-2
Convert 422 (base 6) to base 5.
1113
What is -130 (base 4) in base 15?
-1d
Convert -205 (base 6) to base 16.
-4d
What is -19 (base 12) in base 9?
-23
What is -2 (base 10) in base 5?
-2
-233 (base 4) to base 2
-101111
What is 74 (base 13) in base 9?
115
Convert -17 (base 11) to base 12.
-16
Convert 422 (base 5) to base 15.
77
Convert 24 (base 5) to base 11.
13
Convert 1 (base 14) to base 5.
1
What is 1010 (base 2) in base 6?
14
What is -2 (base 16) in base 10?
-2
11 (base 2) to base 13
3
What is 480 (base 9) in base 2?
110001100
-1 (base 2) to base 5
-1
Convert -3 (base 10) to base 5.
-3
-1d (base 16) to base 11
-27
9 (base 12) to base 15
9
2 (base 15) to base 16
2
3 (base 10) to base 12
3
-165 (base 8) to base 6
-313
Convert 13 (base 7) to base 4.
22
Convert -62 (base 8) to base 16.
-32
Convert 12 (base 7) to base 14.
9
What is 106 (base 9) in base 15?
5c
a (base 11) to base 5
20
6 (base 9) to base 7
6
Convert 58 (base 10) to base 8.
72
110 (base 5) to base 12
26
What is -a (base 15) in base 14?
-a
-73 (base 10) to base 8
-111
Convert -11 (base 3) to base 16.
-4
Convert 22 (base 13) to base 9.
31
What is 4 (base 11) in base 2?
100
Convert -28 (base 14) to base 16.
-24
What is -2 (base 7) in base 11?
-2
What is -29 (base 16) in base 6?
-105
Convert -10011 (base 3) to base 11.
-78